{"id":73,"date":"2021-12-19T19:46:09","date_gmt":"2021-12-19T18:46:09","guid":{"rendered":"https:\/\/empleadospublicosenabuso.org\/?page_id=73"},"modified":"2024-05-02T15:53:31","modified_gmt":"2024-05-02T14:53:31","slug":"origen","status":"publish","type":"page","link":"https:\/\/empleadospublicosenabuso.org\/index.php\/origen\/","title":{"rendered":"Origen"},"content":{"rendered":"<section class=\"l-section wpb_row height_medium with_img\"><div class=\"l-section-img\" data-img-width=\"725\" data-img-height=\"421\" style=\"background-image: url(https:\/\/empleadospublicosenabuso.org\/wp-content\/uploads\/2022\/09\/parlamento-bruselas-hemiciclo.jpg);background-repeat: no-repeat;\"><\/div><div class=\"l-section-overlay\" style=\"background:rgba(51,51,51,0.75)\"><\/div><div class=\"l-section-h i-cf\"><div class=\"g-cols vc_row via_grid cols_1 laptops-cols_inherit tablets-cols_inherit mobiles-cols_1 valign_top type_default stacking_default\"><div class=\"wpb_column vc_column_container\"><div class=\"vc_column-inner\"><h1 class=\"w-post-elm post_title us_custom_6df4bc3a has_text_color entry-title color_link_inherit\">Origen<\/h1><\/div><\/div><\/div><\/div><\/section><section class=\"l-section wpb_row height_auto width_full\"><div class=\"l-section-h i-cf\"><div class=\"g-cols vc_row via_grid cols_3 laptops-cols_inherit tablets-cols_inherit mobiles-cols_1 valign_middle type_default stacking_default\" style=\"grid-gap:0rem;\"><div class=\"wpb_column vc_column_container\"><div class=\"vc_column-overlay\" style=\"background:#A07757\"><\/div><div class=\"vc_column-inner\"><div class=\"w-separator size_large\"><\/div><div class=\"wpb_text_column us_custom_7259ecf1 has_text_color\"><div class=\"wpb_wrapper\"><h6><strong>ORIGEN<\/strong><\/h6>\n<p>EPA est\u00e1 compuesto por un equipo multidisciplinar con vocaci\u00f3n europea, que nace ante la inacci\u00f3n, pasividad y falta de coherencia de todas las instituciones p\u00fablicas nacionales frente a la problem\u00e1tica del personal en abuso.<\/p>\n<\/div><\/div><div class=\"w-separator size_large\"><\/div><div class=\"w-separator size_large\"><\/div><\/div><\/div><div class=\"wpb_column vc_column_container\"><div class=\"vc_column-overlay\" style=\"background:#252E3D\"><\/div><div class=\"vc_column-inner\"><div class=\"w-separator size_large\"><\/div><div class=\"wpb_text_column us_custom_7259ecf1 has_text_color\"><div class=\"wpb_wrapper\"><h6><strong>\u00c1REAS DE INTERVENCI\u00d3N<\/strong><\/h6>\n<p>Adem\u00e1s de la estabilizaci\u00f3n del personal en fraude tambi\u00e9n pretendemos intervenir en otros asuntos como la carrera profesional, la adaptaci\u00f3n de puestos de trabajo, la discapacidad y en definitiva todo aquello que suponga una vulneraci\u00f3n de derechos de los empleados p\u00fablicos.<\/p>\n<\/div><\/div><div class=\"w-separator size_large\"><\/div><\/div><\/div><div class=\"wpb_column vc_column_container\"><div class=\"vc_column-overlay\" style=\"background:#29384D\"><\/div><div class=\"vc_column-inner\"><div class=\"w-separator size_large\"><\/div><div class=\"wpb_text_column us_custom_7259ecf1 has_text_color\"><div class=\"wpb_wrapper\"><h6><strong>\u00bfQU\u00c9 REIVINDICA EPA?<\/strong><\/h6>\n<p>Nuestra reivindicaci\u00f3n siempre ha sido, actuar frente a los falaces procesos de estabilizaci\u00f3n, que incumplen toda normativa europea al respecto, pretendiendo prevenir, detectar y sancionar el abuso de temporalidad, mediante la conversi\u00f3n en personal fijo de los empleados en fraude, a trav\u00e9s de una regularizaci\u00f3n administrativa.<\/p>\n<\/div><\/div><div class=\"w-separator size_large\"><\/div><\/div><\/div><\/div><\/div><\/section>\n","protected":false},"excerpt":{"rendered":"OrigenORIGEN EPA est\u00e1 compuesto por un equipo multidisciplinar con vocaci\u00f3n europea, que nace ante la inacci\u00f3n, pasividad y falta de coherencia de todas las instituciones p\u00fablicas nacionales frente a la problem\u00e1tica del personal en abuso. \u00c1REAS DE INTERVENCI\u00d3N Adem\u00e1s de la estabilizaci\u00f3n del personal en fraude tambi\u00e9n pretendemos intervenir en otros asuntos como la carrera...","protected":false},"author":1,"featured_media":514,"parent":0,"menu_order":0,"comment_status":"closed","ping_status":"closed","template":"","meta":{"footnotes":""},"acf":[],"_links":{"self":[{"href":"https:\/\/empleadospublicosenabuso.org\/index.php\/wp-json\/wp\/v2\/pages\/73"}],"collection":[{"href":"https:\/\/empleadospublicosenabuso.org\/index.php\/wp-json\/wp\/v2\/pages"}],"about":[{"href":"https:\/\/empleadospublicosenabuso.org\/index.php\/wp-json\/wp\/v2\/types\/page"}],"author":[{"embeddable":true,"href":"https:\/\/empleadospublicosenabuso.org\/index.php\/wp-json\/wp\/v2\/users\/1"}],"replies":[{"embeddable":true,"href":"https:\/\/empleadospublicosenabuso.org\/index.php\/wp-json\/wp\/v2\/comments?post=73"}],"version-history":[{"count":22,"href":"https:\/\/empleadospublicosenabuso.org\/index.php\/wp-json\/wp\/v2\/pages\/73\/revisions"}],"predecessor-version":[{"id":946,"href":"https:\/\/empleadospublicosenabuso.org\/index.php\/wp-json\/wp\/v2\/pages\/73\/revisions\/946"}],"wp:featuredmedia":[{"embeddable":true,"href":"https:\/\/empleadospublicosenabuso.org\/index.php\/wp-json\/wp\/v2\/media\/514"}],"wp:attachment":[{"href":"https:\/\/empleadospublicosenabuso.org\/index.php\/wp-json\/wp\/v2\/media?parent=73"}],"curies":[{"name":"wp","href":"https:\/\/api.w.org\/{rel}","templated":true}]}}