{"id":15,"date":"2021-11-21T21:40:22","date_gmt":"2021-11-21T20:40:22","guid":{"rendered":"http:\/\/empleadospublicosenabuso.org\/?page_id=15"},"modified":"2024-05-05T15:32:49","modified_gmt":"2024-05-05T14:32:49","slug":"inicio","status":"publish","type":"page","link":"https:\/\/empleadospublicosenabuso.org\/","title":{"rendered":"Inicio"},"content":{"rendered":"<section class=\"l-section wpb_row height_auto\"><div class=\"l-section-h i-cf\"><div class=\"g-cols vc_row via_grid cols_1 laptops-cols_inherit tablets-cols_inherit mobiles-cols_1 valign_top type_default stacking_default\"><div class=\"wpb_column vc_column_container\"><div class=\"vc_column-inner\">\n\t\t\t<!-- START Slider 1 REVOLUTION SLIDER 6.6.14 --><p class=\"rs-p-wp-fix\"><\/p>\n\t\t\t<rs-module-wrap id=\"rev_slider_1_1_wrapper\" data-source=\"gallery\" style=\"visibility:hidden;background:transparent;padding:0;margin:0px auto;margin-top:0;margin-bottom:0;\">\n\t\t\t\t<rs-module id=\"rev_slider_1_1\" style=\"\" data-version=\"6.6.14\">\n\t\t\t\t\t<rs-slides style=\"overflow: hidden; position: absolute;\">\n\t\t\t\t\t\t<rs-slide style=\"position: absolute;\" data-key=\"rs-1\" data-title=\"Slide\" data-anim=\"adpr:false;\" data-in=\"o:0;\" data-out=\"a:false;\">\n\t\t\t\t\t\t\t<img src=\"\/\/empleadospublicosenabuso.org\/wp-content\/plugins\/_revslider\/public\/assets\/assets\/dummy.png\" alt=\"\" title=\"manos-juntas\" width=\"1152\" height=\"768\" class=\"rev-slidebg tp-rs-img rs-lazyload\" data-lazyload=\"\/\/empleadospublicosenabuso.org\/wp-content\/uploads\/2022\/03\/manos-juntas.jpg\" data-bg=\"p:left center;\" data-panzoom=\"d:10000;ss:120%;se:100;\" data-no-retina>\n<!--\n\t\t\t\t\t\t\t--><rs-layer\n\t\t\t\t\t\t\t\tid=\"slider-1-slide-1-layer-0\" \n\t\t\t\t\t\t\t\tdata-type=\"text\"\n\t\t\t\t\t\t\t\tdata-color=\"#efefef\"\n\t\t\t\t\t\t\t\tdata-tsh=\"c:#000000;v:2px,1px,0px,0px;b:10px,8px,6px,3px;\"\n\t\t\t\t\t\t\t\tdata-rsp_ch=\"on\"\n\t\t\t\t\t\t\t\tdata-xy=\"x:c;xo:3px,2px,1px,0;yo:368px,303px,230px,178px;\"\n\t\t\t\t\t\t\t\tdata-text=\"w:normal;s:42,34,32,24;l:40,33,30,25;ls:-1px,0px,0px,0px;a:center;\"\n\t\t\t\t\t\t\t\tdata-dim=\"w:947px,811px,612px,412px;minh:0px,none,none,none;\"\n\t\t\t\t\t\t\t\tdata-frame_0=\"sX:0.9;sY:0.9;\"\n\t\t\t\t\t\t\t\tdata-frame_1=\"e:power2.inOut;st:4350;sp:1500;sR:4350;\"\n\t\t\t\t\t\t\t\tdata-frame_999=\"y:-50,-41,-31,-19;o:0;st:w;sp:1000;sR:3150;\"\n\t\t\t\t\t\t\t\tstyle=\"z-index:8;font-family:'Exo 2';\"\n\t\t\t\t\t\t\t>Nuestro objetivo es la defensa de los intereses de los Empleados P\u00fablicos \n\t\t\t\t\t\t\t<\/rs-layer><!--\n\n\t\t\t\t\t\t\t--><rs-layer\n\t\t\t\t\t\t\t\tid=\"slider-1-slide-1-layer-1\" \n\t\t\t\t\t\t\t\tdata-type=\"text\"\n\t\t\t\t\t\t\t\tdata-color=\"#0f1925\"\n\t\t\t\t\t\t\t\tdata-tsh=\"c:rgba(255,255,255,0.55);v:1px,0px,0px,0px;b:10px,8px,6px,3px;\"\n\t\t\t\t\t\t\t\tdata-rsp_ch=\"on\"\n\t\t\t\t\t\t\t\tdata-xy=\"x:c;yo:277px,228px,173px,131px;\"\n\t\t\t\t\t\t\t\tdata-text=\"w:normal;s:95,78,59,42;l:80,66,50,45;ls:-0.5px,0px,0px,0px;fw:700;\"\n\t\t\t\t\t\t\t\tdata-dim=\"minh:0px,none,none,none;\"\n\t\t\t\t\t\t\t\tdata-frame_0=\"sX:0.9;sY:0.9;\"\n\t\t\t\t\t\t\t\tdata-frame_1=\"e:power2.inOut;st:1510;sp:1500;sR:1510;\"\n\t\t\t\t\t\t\t\tdata-frame_999=\"y:-50,-41,-31,-19;o:0;st:w;sp:1000;sR:5990;\"\n\t\t\t\t\t\t\t\tstyle=\"z-index:10;font-family:'Exo 2';\"\n\t\t\t\t\t\t\t>Somos EPA \n\t\t\t\t\t\t\t<\/rs-layer><!--\n\n\t\t\t\t\t\t\t--><rs-layer\n\t\t\t\t\t\t\t\tid=\"slider-1-slide-1-layer-3\" \n\t\t\t\t\t\t\t\tdata-type=\"text\"\n\t\t\t\t\t\t\t\tdata-tsh=\"c:#000000;v:5px,4px,3px,1px;b:10px,8px,6px,3px;\"\n\t\t\t\t\t\t\t\tdata-rsp_ch=\"on\"\n\t\t\t\t\t\t\t\tdata-xy=\"x:c;xo:1px,0,0,0;yo:247px,203px,154px,118px;\"\n\t\t\t\t\t\t\t\tdata-text=\"w:normal;s:18,14,14,12;l:30,24,18,15;ls:3px,2px,2px,1px;fw:600,600,500,500;a:center;\"\n\t\t\t\t\t\t\t\tdata-dim=\"w:644px,531px,403px,255px;minh:0px,none,none,none;\"\n\t\t\t\t\t\t\t\tdata-frame_0=\"sX:0.9;sY:0.9;\"\n\t\t\t\t\t\t\t\tdata-frame_1=\"e:power2.inOut;st:2940;sp:1500;sR:2940;\"\n\t\t\t\t\t\t\t\tdata-frame_999=\"y:-50,-41,-31,-19;o:0;st:w;sp:1000;sR:4560;\"\n\t\t\t\t\t\t\t\tstyle=\"z-index:9;font-family:'Exo 2';text-transform:uppercase;\"\n\t\t\t\t\t\t\t>Lobby Europeo de Empleados P\u00fablicos \n\t\t\t\t\t\t\t<\/rs-layer><!--\n-->\t\t\t\t\t\t<\/rs-slide>\n\t\t\t\t\t<\/rs-slides>\n\t\t\t\t<\/rs-module>\n\t\t\t\t<script>\n\t\t\t\t\tsetREVStartSize({c: 'rev_slider_1_1',rl:[1240,1024,778,480],el:[700,668,560,420],gw:[1240,1024,778,480],gh:[700,668,560,420],type:'standard',justify:'',layout:'fullwidth',mh:\"0\"});if (window.RS_MODULES!==undefined && window.RS_MODULES.modules!==undefined && window.RS_MODULES.modules[\"revslider11\"]!==undefined) {window.RS_MODULES.modules[\"revslider11\"].once = false;window.revapi1 = undefined;if (window.RS_MODULES.checkMinimal!==undefined) window.RS_MODULES.checkMinimal()}\n\t\t\t\t<\/script>\n\t\t\t<\/rs-module-wrap>\n\t\t\t<!-- END REVOLUTION SLIDER -->\n<\/div><\/div><\/div><\/div><\/section><section class=\"l-section wpb_row height_small color_primary\"><div class=\"l-section-h i-cf\"><div class=\"g-cols vc_row via_grid cols_1 laptops-cols_inherit tablets-cols_inherit mobiles-cols_1 valign_top type_default stacking_default\"><div class=\"wpb_column vc_column_container\"><div class=\"vc_column-inner\"><div class=\"wpb_text_column us_custom_f967ca40 has_text_color\"><div class=\"wpb_wrapper\"><h1 style=\"text-align: center;\">EPA Organizaci\u00f3n Nacional de Empleados P\u00fablicos en Abuso<\/h1>\n<\/div><\/div><\/div><\/div><\/div><\/div><\/section><section class=\"l-section wpb_row height_medium\"><div class=\"l-section-h i-cf\"><div class=\"g-cols vc_row via_grid cols_2 laptops-cols_inherit tablets-cols_inherit mobiles-cols_1 valign_top type_default stacking_default\"><div class=\"wpb_column vc_column_container\"><div class=\"vc_column-inner\"><div class=\"wpb_text_column\"><div class=\"wpb_wrapper\"><h4>Qui\u00e9nes somos<\/h4>\n<\/div><\/div><div class=\"w-separator size_small\"><\/div><div class=\"wpb_text_column\"><div class=\"wpb_wrapper\"><p dir=\"ltr\">EPA es una Organizaci\u00f3n Nacional inscrita en el Registro Nacional de Asociaciones, adem\u00e1s de Lobby Europeo.<\/p>\n<p dir=\"ltr\"><a href=\"https:\/\/t.me\/+Bj936U5R0wdiZGZk\"><strong>EPA. Organizaci\u00f3n Nacional de Empleados P\u00fablicos en Abuso<\/strong><\/a>, esta formada por un grupo de trabajadores p\u00fablicos, que llevan a\u00f1os luchando a nivel Nacional y Europeo, para defender los derechos de los empleados p\u00fablicos ante discriminaciones que sufren desde las Administraciones P\u00fablicas. Tanto de \u00e1mbito Nacional como Europeo.<\/p>\n<p class=\"CDt4Ke zfr3Q\" dir=\"ltr\"><span class=\" gBYvFf\">Actualmente, en Espa\u00f1a, en el <\/span><span class=\" gBYvFf\">sector<\/span><span class=\" gBYvFf\"> p\u00fablico, no se ha traspuesto la directiva 1999\/70 CE del Consejo de 28 de Junio de 1999 relativa al Acuerdo marco de la CES, la UNICE, y el CEEP sobre el trabajo de duraci\u00f3n determinada<\/span><span class=\" gBYvFf\">.<\/span><\/p>\n<p dir=\"ltr\">Como todav\u00eda, a nivel estatal no se ha inspeccionado ni sancionado a las Administraciones P\u00fablicas, y tampoco se han llevado a cabo\u00a0 los procedimientos establecidos en el Estatuto B\u00e1sico del Empleado P\u00fablico (EBEP), o el Estatuto de los Trabajadores (ET) en tiempo y forma. Se ha producido un incremento considerable de Empleados P\u00fablicos Temporales en abuso. Por ello nace EPA para atender las necesidades de los empleados p\u00fablicos <span class=\" gBYvFf\">en el \u00e1mbito europeo.<\/span><\/p>\n<p dir=\"ltr\">Las acciones llevadas a cabo por EPA, se han centrado en denuncias colectivas ante la Comisi\u00f3n Europea, el TGUE, el Parlamento Europeo y Defensor del Pueblo Europeo (Ombudsman). Este \u00faltimo ha admitido a tr\u00e1mite con fecha 31 de octubre de 2022 la denuncia formulada por EPA a trav\u00e9s del bufete <a href=\"https:\/\/www.navascusi.com\/defensa-personal-interino-y-laborales-administracion-publica-espanola\/\">NAVAS&amp;CUS\u00cd.<\/a><\/p>\n<\/div><\/div><div class=\"w-separator size_small\"><\/div><div class=\"w-btn-wrapper align_none\"><a class=\"w-btn us-btn-style_3\" title=\"Quienes Somos\" href=\"https:\/\/empleadospublicosenabuso.org\/index.php\/quienes-somos\/\"><span class=\"w-btn-label\">SABER M\u00c1S<\/span><\/a><\/div><\/div><\/div><div class=\"wpb_column vc_column_container\"><div class=\"vc_column-inner\"><div class=\"w-image align_none\"><div class=\"w-image-h\"><img width=\"475\" height=\"633\" src=\"https:\/\/empleadospublicosenabuso.org\/wp-content\/uploads\/2023\/02\/sede.jpg\" class=\"attachment-full size-full\" alt=\"\" decoding=\"async\" loading=\"lazy\" srcset=\"https:\/\/empleadospublicosenabuso.org\/wp-content\/uploads\/2023\/02\/sede.jpg 475w, https:\/\/empleadospublicosenabuso.org\/wp-content\/uploads\/2023\/02\/sede-225x300.jpg 225w\" sizes=\"(max-width: 475px) 100vw, 475px\" \/><\/div><\/div><div class=\"w-separator size_small\"><\/div><div class=\"w-image align_none\"><div class=\"w-image-h\"><img width=\"725\" height=\"421\" src=\"https:\/\/empleadospublicosenabuso.org\/wp-content\/uploads\/2022\/09\/parlamento-bruselas-hemiciclo.jpg\" class=\"attachment-full size-full\" alt=\"\" decoding=\"async\" loading=\"lazy\" srcset=\"https:\/\/empleadospublicosenabuso.org\/wp-content\/uploads\/2022\/09\/parlamento-bruselas-hemiciclo.jpg 725w, https:\/\/empleadospublicosenabuso.org\/wp-content\/uploads\/2022\/09\/parlamento-bruselas-hemiciclo-600x348.jpg 600w, https:\/\/empleadospublicosenabuso.org\/wp-content\/uploads\/2022\/09\/parlamento-bruselas-hemiciclo-300x174.jpg 300w\" sizes=\"(max-width: 725px) 100vw, 725px\" \/><\/div><\/div><\/div><\/div><\/div><\/div><\/section><section class=\"l-section wpb_row height_medium color_alternate\"><div class=\"l-section-h i-cf\"><div class=\"g-cols vc_row via_grid cols_1 laptops-cols_inherit tablets-cols_inherit mobiles-cols_1 valign_top type_default stacking_default\"><div class=\"wpb_column vc_column_container\"><div class=\"vc_column-inner\"><div class=\"wpb_text_column\"><div class=\"wpb_wrapper\"><blockquote>\n<p>\u00abLo que queremos es una REGULARIZACI\u00d3N ADMINISTRATIVA, \u00abFIJEZA\u00bb, QUE NO VULNERA NI PRINCIPIOS CONSTITUCIONALES NI NORMAS ESTATALES\u00bb.<\/p>\n<\/blockquote>\n<\/div><\/div><\/div><\/div><\/div><\/div><\/section><section class=\"l-section wpb_row height_medium\"><div class=\"l-section-h i-cf\"><div class=\"g-cols vc_row via_grid cols_2 laptops-cols_inherit tablets-cols_inherit mobiles-cols_1 valign_top type_default stacking_default\"><div class=\"wpb_column vc_column_container\"><div class=\"vc_column-inner\"><div class=\"w-image align_none\"><div class=\"w-image-h\"><img width=\"1024\" height=\"644\" src=\"https:\/\/empleadospublicosenabuso.org\/wp-content\/uploads\/2024\/04\/conchi-Navas-.jpg-1024x644.webp\" class=\"attachment-large size-large\" alt=\"\" decoding=\"async\" loading=\"lazy\" srcset=\"https:\/\/empleadospublicosenabuso.org\/wp-content\/uploads\/2024\/04\/conchi-Navas-.jpg-1024x644.webp 1024w, https:\/\/empleadospublicosenabuso.org\/wp-content\/uploads\/2024\/04\/conchi-Navas-.jpg-300x189.webp 300w, https:\/\/empleadospublicosenabuso.org\/wp-content\/uploads\/2024\/04\/conchi-Navas-.jpg.webp 1200w\" sizes=\"(max-width: 1024px) 100vw, 1024px\" \/><\/div><\/div><div class=\"wpb_text_column\"><div class=\"wpb_wrapper\"><p>Concepci\u00f3n Rodr\u00edguez Fari\u00f1a (Presidenta de EPA) y Juan Ignacio Navas Marqu\u00e9s (Bufete Navas&amp;Cus\u00ed)<\/p>\n<\/div><\/div><\/div><\/div><div class=\"wpb_column vc_column_container\"><div class=\"vc_column-inner\"><div class=\"wpb_text_column\"><div class=\"wpb_wrapper\"><h4>Qu\u00e9 hacemos<\/h4>\n<\/div><\/div><div class=\"w-separator size_small\"><\/div><div class=\"wpb_text_column\"><div class=\"wpb_wrapper\"><p class=\"CDt4Ke zfr3Q\" dir=\"ltr\"><span class=\" gBYvFf\">Estamos representados por el bufete de abogados <\/span><span class=\" gBYvFf aw5Odc\"><a class=\"XqQF9c\" href=\"https:\/\/www.navascusi.com\/defensa-personal-interino-y-laborales-administracion-publica-espanola\/\" target=\"_blank\" rel=\"noopener\">Navas y Cus\u00ed<\/a>. C<\/span><span class=\" gBYvFf\">uyo objetivo es obtener la permanencia hasta la jubilaci\u00f3n en nuestro puesto de trabajo independientemente de nuestra categor\u00eda (funcionarial, estatutaria, laboral, por programas\u2026).<\/span><\/p>\n<p class=\"CDt4Ke zfr3Q\" dir=\"ltr\"><span class=\" gBYvFf\"><span style=\"font-weight: 400;\">Ya se han iniciado las acciones en Europa y formamos un\u00a0 nutrido<\/span>\u00a0grupo de trabajadores p\u00fablicos de distintos <\/span><span class=\" gBYvFf\">campos. Dispuestos a conseguir nuestra equiparaci\u00f3n<\/span><span class=\" gBYvFf\"> como FIJOS en las distintas Administraciones P\u00fablicas.\u00a0<\/span><\/p>\n<\/div><\/div><\/div><\/div><\/div><\/div><\/section><section class=\"l-section wpb_row height_medium color_alternate\"><div class=\"l-section-h i-cf\"><div class=\"g-cols vc_row via_grid cols_1 laptops-cols_inherit tablets-cols_inherit mobiles-cols_1 valign_top type_default stacking_default\"><div class=\"wpb_column vc_column_container\"><div class=\"vc_column-inner\"><div class=\"wpb_text_column\"><div class=\"wpb_wrapper\"><h4 style=\"text-align: center;\">Algunas de nuestras acciones<\/h4>\n<\/div><\/div><div class=\"w-separator size_small\"><\/div><div class=\"w-grid type_carousel layout_gallery_default cols_5\" id=\"us_grid_1\" style=\"--gap:5px;\"><style>.layout_gallery_default .w-grid-item-h{}<\/style><div class=\"w-grid-list owl-carousel navstyle_circle navpos_outside\" style=\"--arrows-size:1.8rem;\">\t<article class=\"w-grid-item post-874 attachment type-attachment status-inherit hentry\" data-id=\"874\">\r\n\t\t<div class=\"w-grid-item-h\">\r\n\t\t\t\t\t\t\t<a class=\"w-grid-item-anchor\" href=\"https:\/\/empleadospublicosenabuso.org\/wp-content\/uploads\/2024\/04\/presentacion_reclamacion.png\" ref=\"magnificPopupGrid\" title=\"presentacion_reclamacion\"><\/a>\r\n\t\t\t\t\t\t<div class=\"w-post-elm post_image usg_post_image_1 stretched\"><img width=\"150\" height=\"150\" src=\"https:\/\/empleadospublicosenabuso.org\/wp-content\/uploads\/2024\/04\/presentacion_reclamacion-150x150.png\" class=\"attachment-thumbnail size-thumbnail\" alt=\"\" decoding=\"async\" loading=\"lazy\" \/><\/div>\t\t<\/div>\r\n\t<\/article>\r\n\t<article class=\"w-grid-item post-873 attachment type-attachment status-inherit hentry\" data-id=\"873\">\r\n\t\t<div class=\"w-grid-item-h\">\r\n\t\t\t\t\t\t\t<a class=\"w-grid-item-anchor\" href=\"https:\/\/empleadospublicosenabuso.org\/wp-content\/uploads\/2024\/04\/ombudsan.png\" ref=\"magnificPopupGrid\" title=\"ombudsan\"><\/a>\r\n\t\t\t\t\t\t<div class=\"w-post-elm post_image usg_post_image_1 stretched\"><img width=\"150\" height=\"150\" src=\"https:\/\/empleadospublicosenabuso.org\/wp-content\/uploads\/2024\/04\/ombudsan-150x150.png\" class=\"attachment-thumbnail size-thumbnail\" alt=\"\" decoding=\"async\" loading=\"lazy\" \/><\/div>\t\t<\/div>\r\n\t<\/article>\r\n\t<article class=\"w-grid-item post-872 attachment type-attachment status-inherit hentry\" data-id=\"872\">\r\n\t\t<div class=\"w-grid-item-h\">\r\n\t\t\t\t\t\t\t<a class=\"w-grid-item-anchor\" href=\"https:\/\/empleadospublicosenabuso.org\/wp-content\/uploads\/2024\/04\/la_ombudsman_solicita_informacion.png\" ref=\"magnificPopupGrid\" title=\"la_ombudsman_solicita_informacion\"><\/a>\r\n\t\t\t\t\t\t<div class=\"w-post-elm post_image usg_post_image_1 stretched\"><img width=\"150\" height=\"150\" src=\"https:\/\/empleadospublicosenabuso.org\/wp-content\/uploads\/2024\/04\/la_ombudsman_solicita_informacion-150x150.png\" class=\"attachment-thumbnail size-thumbnail\" alt=\"\" decoding=\"async\" loading=\"lazy\" \/><\/div>\t\t<\/div>\r\n\t<\/article>\r\n\t<article class=\"w-grid-item post-871 attachment type-attachment status-inherit hentry\" data-id=\"871\">\r\n\t\t<div class=\"w-grid-item-h\">\r\n\t\t\t\t\t\t\t<a class=\"w-grid-item-anchor\" href=\"https:\/\/empleadospublicosenabuso.org\/wp-content\/uploads\/2024\/04\/la_ombudsman_responde_a_la_ce.png\" ref=\"magnificPopupGrid\" title=\"la_ombudsman_responde_a_la_ce\"><\/a>\r\n\t\t\t\t\t\t<div class=\"w-post-elm post_image usg_post_image_1 stretched\"><img width=\"150\" height=\"150\" src=\"https:\/\/empleadospublicosenabuso.org\/wp-content\/uploads\/2024\/04\/la_ombudsman_responde_a_la_ce-150x150.png\" class=\"attachment-thumbnail size-thumbnail\" alt=\"\" decoding=\"async\" loading=\"lazy\" \/><\/div>\t\t<\/div>\r\n\t<\/article>\r\n\t<article class=\"w-grid-item post-870 attachment type-attachment status-inherit hentry\" data-id=\"870\">\r\n\t\t<div class=\"w-grid-item-h\">\r\n\t\t\t\t\t\t\t<a class=\"w-grid-item-anchor\" href=\"https:\/\/empleadospublicosenabuso.org\/wp-content\/uploads\/2024\/04\/investigacion_en_curso.png\" ref=\"magnificPopupGrid\" title=\"investigacion_en_curso\"><\/a>\r\n\t\t\t\t\t\t<div class=\"w-post-elm post_image usg_post_image_1 stretched\"><img width=\"150\" height=\"150\" src=\"https:\/\/empleadospublicosenabuso.org\/wp-content\/uploads\/2024\/04\/investigacion_en_curso-150x150.png\" class=\"attachment-thumbnail size-thumbnail\" alt=\"\" decoding=\"async\" loading=\"lazy\" \/><\/div>\t\t<\/div>\r\n\t<\/article>\r\n\t<article class=\"w-grid-item post-869 attachment type-attachment status-inherit hentry\" data-id=\"869\">\r\n\t\t<div class=\"w-grid-item-h\">\r\n\t\t\t\t\t\t\t<a class=\"w-grid-item-anchor\" href=\"https:\/\/empleadospublicosenabuso.org\/wp-content\/uploads\/2024\/04\/epa_estudia_las_conclusiones_recibidas.png\" ref=\"magnificPopupGrid\" title=\"epa_estudia_las_conclusiones_recibidas\"><\/a>\r\n\t\t\t\t\t\t<div class=\"w-post-elm post_image usg_post_image_1 stretched\"><img width=\"150\" height=\"150\" src=\"https:\/\/empleadospublicosenabuso.org\/wp-content\/uploads\/2024\/04\/epa_estudia_las_conclusiones_recibidas-150x150.png\" class=\"attachment-thumbnail size-thumbnail\" alt=\"\" decoding=\"async\" loading=\"lazy\" \/><\/div>\t\t<\/div>\r\n\t<\/article>\r\n<\/div><div class=\"g-preloader type_1\">\r\n\t<div><\/div>\r\n<\/div>\r\n\t<div class=\"w-grid-json hidden\" onclick='return {&quot;action&quot;:&quot;us_ajax_grid&quot;,&quot;ajax_url&quot;:&quot;https:\\\/\\\/empleadospublicosenabuso.org\\\/wp-admin\\\/admin-ajax.php&quot;,&quot;infinite_scroll&quot;:0,&quot;max_num_pages&quot;:1,&quot;pagination&quot;:&quot;none&quot;,&quot;permalink_url&quot;:&quot;https:\\\/\\\/empleadospublicosenabuso.org\\\/wp-json\\\/wp\\\/v2\\\/pages\\\/15&quot;,&quot;template_vars&quot;:{&quot;columns&quot;:&quot;5&quot;,&quot;exclude_items&quot;:&quot;none&quot;,&quot;img_size&quot;:&quot;thumbnail&quot;,&quot;ignore_items_size&quot;:0,&quot;items_layout&quot;:&quot;gallery_default&quot;,&quot;items_offset&quot;:&quot;1&quot;,&quot;load_animation&quot;:&quot;none&quot;,&quot;overriding_link&quot;:&quot;popup_post_image&quot;,&quot;post_id&quot;:0,&quot;query_args&quot;:{&quot;post_type&quot;:[&quot;attachment&quot;],&quot;post__in&quot;:[&quot;869&quot;,&quot;870&quot;,&quot;871&quot;,&quot;872&quot;,&quot;873&quot;,&quot;874&quot;],&quot;post_status&quot;:&quot;inherit&quot;,&quot;post_mime_type&quot;:&quot;image&quot;,&quot;posts_per_page&quot;:&quot;7&quot;},&quot;orderby_query_args&quot;:{&quot;orderby&quot;:{&quot;date&quot;:&quot;DESC&quot;}},&quot;type&quot;:&quot;carousel&quot;,&quot;us_grid_ajax_index&quot;:1,&quot;us_grid_filter_params&quot;:null,&quot;us_grid_index&quot;:1,&quot;_us_grid_post_type&quot;:&quot;attachment&quot;,&quot;page_args&quot;:[]},&quot;carousel_settings&quot;:{&quot;autoHeight&quot;:0,&quot;autoplay&quot;:1,&quot;carousel_fade&quot;:0,&quot;center&quot;:0,&quot;dots&quot;:0,&quot;items&quot;:&quot;5&quot;,&quot;loop&quot;:false,&quot;nav&quot;:1,&quot;slideby&quot;:&quot;1&quot;,&quot;smooth_play&quot;:0,&quot;speed&quot;:250,&quot;timeout&quot;:3000,&quot;transition&quot;:&quot;&quot;,&quot;aria_labels&quot;:{&quot;prev&quot;:&quot;Anterior&quot;,&quot;next&quot;:&quot;Siguiente&quot;}},&quot;carousel_breakpoints&quot;:{&quot;0&quot;:{&quot;autoHeight&quot;:0,&quot;autoplay&quot;:1,&quot;autoplayHoverPause&quot;:1,&quot;items&quot;:1,&quot;loop&quot;:true,&quot;stagePadding&quot;:0},&quot;601&quot;:{&quot;autoHeight&quot;:0,&quot;autoplay&quot;:1,&quot;autoplayHoverPause&quot;:1,&quot;items&quot;:2,&quot;loop&quot;:false,&quot;stagePadding&quot;:0},&quot;1025&quot;:{&quot;autoHeight&quot;:0,&quot;autoplay&quot;:1,&quot;autoplayHoverPause&quot;:1,&quot;items&quot;:3,&quot;loop&quot;:false,&quot;stagePadding&quot;:0},&quot;1281&quot;:{&quot;items&quot;:5,&quot;stagePadding&quot;:0}}}'><\/div>\r\n\t<\/div><\/div><\/div><\/div><\/div><\/section>\n","protected":false},"excerpt":{"rendered":"","protected":false},"author":1,"featured_media":0,"parent":0,"menu_order":0,"comment_status":"closed","ping_status":"closed","template":"","meta":{"footnotes":""},"acf":[],"_links":{"self":[{"href":"https:\/\/empleadospublicosenabuso.org\/index.php\/wp-json\/wp\/v2\/pages\/15"}],"collection":[{"href":"https:\/\/empleadospublicosenabuso.org\/index.php\/wp-json\/wp\/v2\/pages"}],"about":[{"href":"https:\/\/empleadospublicosenabuso.org\/index.php\/wp-json\/wp\/v2\/types\/page"}],"author":[{"embeddable":true,"href":"https:\/\/empleadospublicosenabuso.org\/index.php\/wp-json\/wp\/v2\/users\/1"}],"replies":[{"embeddable":true,"href":"https:\/\/empleadospublicosenabuso.org\/index.php\/wp-json\/wp\/v2\/comments?post=15"}],"version-history":[{"count":22,"href":"https:\/\/empleadospublicosenabuso.org\/index.php\/wp-json\/wp\/v2\/pages\/15\/revisions"}],"predecessor-version":[{"id":1013,"href":"https:\/\/empleadospublicosenabuso.org\/index.php\/wp-json\/wp\/v2\/pages\/15\/revisions\/1013"}],"wp:attachment":[{"href":"https:\/\/empleadospublicosenabuso.org\/index.php\/wp-json\/wp\/v2\/media?parent=15"}],"curies":[{"name":"wp","href":"https:\/\/api.w.org\/{rel}","templated":true}]}}